= 3*i - 15, 2*o - 2*i - i = -6. Let v be (-3)/2*(-9184)/(-36)*o. Let l = -709 + v. Is l prime?
True
Suppose 133475 = b - 22028. Is b prime?
False
Suppose 62*b = 5304856 + 10790406. Is b a prime number?
False
Suppose 20201 = -2*w - 3*p + 50821, -76529 = -5*w + 3*p. Is w composite?
False
Let l(d) = 238624*d - 42. Is l(1) a composite number?
True
Let s(w) = w**2 - 3*w**2 - 579*w**3 - 508*w**3 - 2*w. Is s(-1) composite?
False
Suppose -6*f + 9*f = m - 3079, 4*m - 12286 = -3*f. Is m prime?
False
Let a = -1348 - 7603. Let s = a - -17838. Is s a prime number?
True
Let u = -16 - -16. Suppose -2*d - 5*z - 2 = u, -z - z - 2 = d. Is d/(-4) - (-1051)/2 prime?
False
Let o(i) = -39*i + 158. Let z be o(4). Is -7 + 9923 - (-3 + 4/z) prime?
False
Let m be 7746/(-4)*(-8)/6*2. Let b = 11969 - m. Is b composite?
True
Let x = 287619 - 167041. Is x composite?
True
Let r = -10 - -14. Suppose -r*v + 2*c = 380 - 1918, 1517 = 4*v + 5*c. Suppose -4*l + 381 + v = 0. Is l a prime number?
True
Let x(v) = -2*v**3 - 11*v**2 - 5*v + 7. Let f be x(-5). Suppose 0 = -f*l + 30 + 12. Suppose 4*j = l*j - 1738. Is j a composite number?
True
Let c be 7/2*(-8)/(-32)*8. Suppose -c*n + 17924 = -3*n. Is n composite?
False
Suppose -3*m + 1531 = -x, -m + 4*m - 6079 = 4*x. Let n = x + -1870. Let l = -2412 - n. Is l prime?
False
Suppose -l = 18*x - 20*x + 195836, -2*x - 2*l = -195842. Is x a prime number?
True
Let y = 30374 + 107507. Is y prime?
False
Let z(l) = -2965*l**3 + 23*l**2 - 2*l + 35. Is z(-9) a composite number?
False
Suppose 3*h = 39*n - 41*n + 1448309, 0 = h + 4*n - 482793. Is h a composite number?
True
Let q be (-3 - -11)*2/(-4). Let g(p) = 17*p**2 + 5. Let n(i) = -33*i**2 - i - 11. Let a(l) = 9*g(l) + 4*n(l). Is a(q) composite?
False
Suppose -5*d - 3*u - 476 = 0, 11*d - 9*d + 190 = -u. Let g = 494 + -111. Let p = d + g. Is p a composite number?
True
Let k be ((-16)/48)/(2*(-2)/192). Suppose k*r - 24890 = 22694. Is r prime?
False
Let t(z) = -954*z - 29. Let i(n) = n**3 + 4*n**2 - 2*n + 11. Let u be i(-5). Is t(u) a composite number?
True
Suppose -3*x + 2*x = 4*g + 3393, -x = -3. Let z = -488 - g. Let t = z + 1036. Is t prime?
False
Let v = -11661 + 31474. Is v a composite number?
False
Let a = 2963 + -1656. Suppose -a = 4*c - 7683. Is c composite?
True
Let z(m) = -438*m**3 - m**2 + 5*m + 8. Let f be z(-3). Let v = 7137 + f. Is v a prime number?
True
Suppose 5*g - 4098 + 14668 = 0. Let w = 6985 + g. Is w a prime number?
True
Suppose -y = -5*f + 4*y + 90, 6*f = 3*y + 108. Is 4/(-10)*(-233505)/f a prime number?
True
Let i = 55 + -593. Let t = 2869 - i. Is t a prime number?
True
Suppose 147 = 7*v - 4*v. Let w(s) = 15*s**3 + 2*s**2 + s - 2. Let n be w(2). Let m = n - v. Is m a composite number?
False
Let j = 124 - 84. Let n = 42 - j. Is -4 - (n + -2476 - 1) a composite number?
True
Let p = 59717 - 31932. Is p prime?
False
Is (-3492147925)/(-7840) - 1/32 prime?
True
Let g be (-1*(-4)/(-6))/(6/(-24777)). Suppose 5*j = g - 48. Is j composite?
False
Suppose 0 = 12*o - 4*o + 48. Let f(p) = -10403*p + 41. Is f(o) prime?
True
Suppose 0 = 2*k - 7*k + 3*d, -5*d + 37 = 4*k. Suppose 0 = k*x + 2*w - 41304, 2*w = x + 6*w - 13778. Is x a prime number?
False
Suppose 16 = 4*q, 4*q = o + 4 - 2. Is (4/o)/(16/44632) composite?
False
Let f = 3733 - -4264. Is f composite?
True
Is (6971198/390)/((-4)/(-60)) prime?
True
Suppose -111 + 117 = 3*q. Is 4080 - (q/4)/((-11)/66) a composite number?
True
Let g be (7 - (-36)/(-4))/(3/(-24)). Suppose 11*l = g*l - 32615. Is l a prime number?
False
Suppose -3*g + 10 = 5*t, 7*t - 10 = 4*g + 2*t. Suppose 12*r + 2839 + 2897 = g. Let p = -151 - r. Is p a prime number?
False
Let b(q) = -q**3 + 7*q**2 + 10*q - 22. Let d be b(8). Is (-20991)/(-15) - d/(-15) composite?
False
Let r = 45 + -36. Suppose 4*h - 18 = 2*j, 0 = -3*j - 5*h + 26 - r. Is (-178)/(j/(2/4)) composite?
False
Suppose i - t = 0, -1 = -3*t + 5. Suppose i*j + 184 = f - 2*j, -4*f = 4*j - 796. Suppose -c + 477 = -f. Is c a composite number?
False
Suppose 0 = n - 4, 19*h - 23*h + 5*n - 680 = 0. Let m = h - -388. Is m prime?
True
Let g = 20783 - 12081. Let n = 3335 + g. Is n a prime number?
True
Let p be (36/72)/((-1)/(-6)). Suppose p*n = w + 66152, 8 - 12 = -4*w. Is n composite?
False
Let o(l) = -149*l**2 + 34*l - 199. Let y be o(9). Let w = y - -36131. Is w a prime number?
True
Let q(k) = 6*k - 50. Let a be q(10). Let j(m) = 579*m - 11. Is j(a) a prime number?
True
Suppose 0 = 4*j - 660 - 1844. Let s = j + 4373. Is s composite?
False
Let u(t) = t**2 - 16*t + 30. Let a be u(14). Suppose -4*m - 4*q + 7791 = -745, -a*m = -3*q - 4243. Is m prime?
True
Is 9 - (3 - 6 - 66655) composite?
True
Is -34429*((-4)/5 - 27/135) composite?
False
Is (-171004 - (38 - 16))/((-1)/((-2)/(-4))) a composite number?
False
Let x(g) = -g**2 + 28*g + 33. Let n be x(29). Suppose 2*o + 10285 = 3*o - n*h, 4*o - 41159 = -3*h. Is o a prime number?
True
Let f(y) be the first derivative of 5/3*y**3 - 51*y + 3/2*y**2 + 1. Is f(-14) a prime number?
True
Suppose -574 = 24*g - 26*g. Suppose a + 36 - g = 0. Is a a prime number?
True
Let b = -90155 - -172038. Is b a prime number?
True
Let w(k) be the second derivative of 49*k**4/12 - 10*k**3 - 37*k**2/2 + 7*k - 8. Is w(24) prime?
False
Let d(k) = 6*k - 66. Let a be d(11). Suppose a = 29*b - 55258 - 17851. Is b prime?
True
Let m = -177562 - -269961. Is m composite?
False
Let q = -39855 - -61952. Is q composite?
True
Let g be 3636/(-26) - (-38)/(-247). Let v = g + 262. Let j = 513 + v. Is j composite?
True
Is 6 + 45045/15 - 10 composite?
False
Suppose z = 5*a - 2725946, -108*a = -113*a + 3*z + 2725948. Is a prime?
True
Let g = -1103 - -3324. Is g a composite number?
False
Let o = 30 - 27. Suppose -5*k = -5*f + 240, -100 = o*f + 2*k - 269. Let n = f + 620. Is n composite?
False
Suppose 2*l - 4*l + 86610 = 2*b, 4*b = l + 173215. Suppose -2*n = -3*d - 21647, -n = -5*n + 4*d + b. Is n a prime number?
True
Suppose 0*f + 1495 = 13*f. Is (-8391)/(-9) + f/69 a prime number?
False
Let b = 196 - 196. Suppose b = -6*n + 4050 + 2280. Is n a prime number?
False
Let v(c) = 3*c**2 + 9*c + 12. Let l be v(-6). Let f = l + -93. Is -3 - 1 - 1*f prime?
True
Let g(w) = 183*w + 4. Let i be g(-2). Let n = i - -1095. Is n a composite number?
False
Suppose -v - 387677 = -2*k - 0*v, -3*v + 3 = 0. Is k prime?
False
Let g = 541 + -120. Suppose 2*y + 8 = 4*y. Suppose -y*t + g = -751. Is t a composite number?
False
Suppose 0 = -z - z - q + 2262, 0 = z + 5*q - 1122. Suppose 0*d + 5*d = h + 1144, -5*d + z = 2*h. Suppose d = -3*l + 2619. Is l prime?
True
Suppose 0 = 5*h - 1585 - 1455. Let i = -1680 - h. Is (-2)/6 + i/(-6) prime?
False
Suppose 16*d - 8*d = 16. Suppose d*o = 296 + 566. Suppose 0 = u - 68 - o. Is u prime?
True
Let s = 467 + -463. Suppose 0 = s*n - 16, -4319 = -g - 5*n + 14770. Is g a composite number?
False
Suppose -8*z + 403 = -7*z. Let j = 704 - z. Is j a composite number?
True
Suppose -2*b - 4*c + 4020 = -5*b, -4011 = 3*b - c. Let d = -927 - b. Is d a composite number?
False
Suppose 3*n - 1509*l - 324545 = -1507*l, 0 = l - 2. Is n a prime number?
False
Let x(m) = -1175*m + 6. Let w(l) = 1175*l - 7. Let r(h) = 4*w(h) + 5*x(h). Suppose 147*a + 26 = 121*a. Is r(a) a prime number?
False
Let l(n) be the third derivative of 11*n**5/40 + 17*n**4/24 - 16*n**3/3 + 26*n**2. Let t(k) be the first derivative of l(k). Is t(28) a composite number?
False
Let r be 3 - (33/55 - (-4)/10). Suppose -4*d + r*k + 116 = 0, 0 = 4*d + 4*k + k - 88. Let p = 214 - d. Is p composite?
True
Let k(o) = -20*o - 20. Let q(a) be the third derivative of -5*a**4/6 - 19*a**3/6 - 18*a**2. Let r(n) = 2*k(n) - 3*q(n). Is r(19) a prime number?
True
Let x(d) = -9*d - 45. Suppose 3*t = 4*o - 34, -5*o - 4 = 2*t + 2*t. Let r be x(t). Is -7427*(4/(-6) - 3/r) a composite number?
True
Is (-19 - 954/(-54)) + (-5711810)/(-6) prime?
True
Let z(r) = 19445*r - 481. Is z(6) prime?
True
Suppose -k + o - 15 = 0, -3*k - 2*o = k + 72. Let c = k - -28. Suppose -c*w - 13 = -486. Is w composite?
False
Let r(v) = 1277*v + 63. Let l be r(11). Suppose -15*u + 10985 = -l. Is u prime?
False
Let k = -123 + 53. Let z = -41 - k. Suppose z = a - 29. Is a a composite number?
True
Suppose 5*f + 87912 = -5*h + 313717, 0 = 4*h - f - 180644. Is h composite?
False
Let j = 49 - 109. Let w b